{"id":12,"date":"2025-10-08T11:53:23","date_gmt":"2025-10-08T09:53:23","guid":{"rendered":"https:\/\/linda.cnita.fr\/?page_id=12"},"modified":"2025-10-20T20:34:50","modified_gmt":"2025-10-20T18:34:50","slug":"qui-sommes-nous","status":"publish","type":"page","link":"https:\/\/linda.cnita.fr\/?page_id=12","title":{"rendered":"Nous d\u00e9couvrir"},"content":{"rendered":"\n<p><\/p>\n\n\n\n<div class=\"wp-block-group alignfull has-global-padding is-layout-constrained wp-container-core-group-is-layout-a5c936e1 wp-block-group-is-layout-constrained\" style=\"margin-top:0px;margin-bottom:0px;padding-top:48px;padding-bottom:48px\">\n<div class=\"wp-block-columns alignwide has-ti-bg-alt-background-color has-background is-layout-flex wp-container-core-columns-is-layout-d7d455e7 wp-block-columns-is-layout-flex\" style=\"padding-top:0;padding-right:0;padding-bottom:0;padding-left:0\">\n<div class=\"wp-block-column is-vertically-aligned-center is-layout-flow wp-block-column-is-layout-flow\" style=\"padding-top:var(--wp--preset--spacing--50);padding-right:var(--wp--preset--spacing--50);padding-bottom:var(--wp--preset--spacing--50);padding-left:var(--wp--preset--spacing--50);flex-basis:50%\">\n<h1 class=\"wp-block-heading\">Notre histoire<\/h1>\n\n\n\n<p>On se souvient comme si c&rsquo;\u00e9tait hier de notre premi\u00e8re r\u00e9union, en novembre 2023, pour r\u00e9fl\u00e9chir \u00e0 des moyens d&rsquo;action pour soutenir Gaza.<\/p>\n\n\n\n<p>Nous nous sommes retrouv\u00e9s face \u00e0 un choix. Se dire nous ne pouvons rien faire ou s&rsquo;accrocher \u00e0 cette petite voix au fond de nous qui r\u00e9p\u00e8te : Palestine vivra, Palestine vaincra.<\/p>\n\n\n\n<p>L&rsquo;urgence et le besoin d&rsquo;\u00e9couter cette voix nous a rassembl\u00e9 autour de ce collectif : ne pas \u00eatre complice, et tenter \u00e0 notre \u00e9chelle d&rsquo;\u00eatre aux c\u00f4t\u00e9s du peuple palestinien.<\/p>\n\n\n\n<p>Nous avons ainsi choisi d&rsquo;agir pour briser le silence et faire entendre les voix des palestiniens ici \u00e0 Grenoble.<\/p>\n\n\n\n<p><\/p>\n\n\n\n<div class=\"wp-block-buttons has-custom-font-size has-normal-font-size is-layout-flex wp-block-buttons-is-layout-flex\">\n<div class=\"wp-block-button\"><a class=\"wp-block-button__link wp-element-button\">Acheter maintenant<\/a><\/div>\n<\/div>\n\n\n\n<div style=\"height:20px\" aria-hidden=\"true\" class=\"wp-block-spacer\"><\/div>\n<\/div>\n\n\n\n<div class=\"wp-block-column is-layout-flow wp-block-column-is-layout-flow\">\n<figure class=\"wp-block-image size-full\"><img loading=\"lazy\" decoding=\"async\" width=\"260\" height=\"259\" src=\"https:\/\/linda.cnita.fr\/wp-content\/uploads\/2025\/10\/free-palestine-poster-design-vector-260nw-2375890303.jpg\" alt=\"\" class=\"wp-image-152\" srcset=\"https:\/\/linda.cnita.fr\/wp-content\/uploads\/2025\/10\/free-palestine-poster-design-vector-260nw-2375890303.jpg 260w, https:\/\/linda.cnita.fr\/wp-content\/uploads\/2025\/10\/free-palestine-poster-design-vector-260nw-2375890303-150x150.jpg 150w\" sizes=\"auto, (max-width: 260px) 100vw, 260px\" \/><\/figure>\n<\/div>\n<\/div>\n\n\n\n<div class=\"wp-block-columns alignwide has-ti-bg-alt-background-color has-background is-layout-flex wp-container-core-columns-is-layout-d7d455e7 wp-block-columns-is-layout-flex\" style=\"padding-top:0;padding-right:0;padding-bottom:0;padding-left:0\">\n<div class=\"wp-block-column is-layout-flow wp-block-column-is-layout-flow\">\n<figure class=\"wp-block-image size-full\"><img loading=\"lazy\" decoding=\"async\" width=\"1536\" height=\"864\" src=\"https:\/\/linda.cnita.fr\/wp-content\/uploads\/2025\/10\/bifurk-1.jpg\" alt=\"\" class=\"wp-image-151\" srcset=\"https:\/\/linda.cnita.fr\/wp-content\/uploads\/2025\/10\/bifurk-1.jpg 1536w, https:\/\/linda.cnita.fr\/wp-content\/uploads\/2025\/10\/bifurk-1-300x169.jpg 300w, https:\/\/linda.cnita.fr\/wp-content\/uploads\/2025\/10\/bifurk-1-1024x576.jpg 1024w, https:\/\/linda.cnita.fr\/wp-content\/uploads\/2025\/10\/bifurk-1-768x432.jpg 768w\" sizes=\"auto, (max-width: 1536px) 100vw, 1536px\" \/><\/figure>\n<\/div>\n\n\n\n<div class=\"wp-block-column is-vertically-aligned-center is-layout-flow wp-block-column-is-layout-flow\" style=\"padding-top:var(--wp--preset--spacing--50);padding-right:var(--wp--preset--spacing--50);padding-bottom:var(--wp--preset--spacing--50);padding-left:var(--wp--preset--spacing--50);flex-basis:50%\">\n<h1 class=\"wp-block-heading\">Qui sommes nous?<\/h1>\n\n\n\n<p>Alors que nous cherchions des partenaires et des soutiens, on nous disait \u00ab\u00a0mais qui \u00eates-vous?\u00a0\u00bb.<\/p>\n\n\n\n<p>Nous sommes cette dame de m\u00e9nage qui propose de cuisiner pour Gaza, cet artiste qui cr\u00e9e et offre son \u0153uvre, ce militant qui va coller la nuit des affiches dans les rues de Grenoble.<\/p>\n\n\n\n<p>Nous sommes ces prestataires qui mettent \u00e0 disposition leurs mat\u00e9riels et leur savoir-faire.<\/p>\n\n\n\n<p>Nous sommes cette cheffe d&rsquo;entreprise qui propose de prendre en charge les frais de fonctionnement, ou encore ce pizzaiolo qui offre 40 pizzas et nous remercie de lui avoir donn\u00e9 l&rsquo;opportunit\u00e9 de contribuer \u00e0 la cause.<\/p>\n\n\n\n<p class=\"has-ti-accent-color has-text-color has-link-color wp-elements-c81ff141015221f0756f1498dfa84221\">Unies pour la Palestine <strong><em>c&rsquo;est vous, qui r\u00e9pondez pr\u00e9sents<\/em><\/strong> \u00e0 chacun de nos \u00e9v\u00e8nements petit ou grand, pour le peuple de Palestine, pour les enfants de Gaza.<\/p>\n\n\n\n<div class=\"wp-block-buttons has-custom-font-size has-normal-font-size is-layout-flex wp-block-buttons-is-layout-flex\">\n<div class=\"wp-block-button\"><a class=\"wp-block-button__link wp-element-button\">Acheter maintenant<\/a><\/div>\n<\/div>\n\n\n\n<div style=\"height:20px\" aria-hidden=\"true\" class=\"wp-block-spacer\"><\/div>\n<\/div>\n<\/div>\n<\/div>\n","protected":false},"excerpt":{"rendered":"<p>Notre histoire On se souvient comme si c&rsquo;\u00e9tait hier de notre premi\u00e8re r\u00e9union, en novembre 2023, pour r\u00e9fl\u00e9chir \u00e0 des moyens d&rsquo;action pour soutenir Gaza. Nous nous sommes retrouv\u00e9s face \u00e0 un choix. Se dire nous ne pouvons rien faire ou s&rsquo;accrocher \u00e0 cette petite voix au fond de nous qui r\u00e9p\u00e8te : Palestine vivra, [&hellip;]<\/p>\n","protected":false},"author":1,"featured_media":0,"parent":0,"menu_order":0,"comment_status":"closed","ping_status":"closed","template":"","meta":{"footnotes":""},"class_list":["post-12","page","type-page","status-publish","hentry"],"_links":{"self":[{"href":"https:\/\/linda.cnita.fr\/index.php?rest_route=\/wp\/v2\/pages\/12","targetHints":{"allow":["GET"]}}],"collection":[{"href":"https:\/\/linda.cnita.fr\/index.php?rest_route=\/wp\/v2\/pages"}],"about":[{"href":"https:\/\/linda.cnita.fr\/index.php?rest_route=\/wp\/v2\/types\/page"}],"author":[{"embeddable":true,"href":"https:\/\/linda.cnita.fr\/index.php?rest_route=\/wp\/v2\/users\/1"}],"replies":[{"embeddable":true,"href":"https:\/\/linda.cnita.fr\/index.php?rest_route=%2Fwp%2Fv2%2Fcomments&post=12"}],"version-history":[{"count":19,"href":"https:\/\/linda.cnita.fr\/index.php?rest_route=\/wp\/v2\/pages\/12\/revisions"}],"predecessor-version":[{"id":153,"href":"https:\/\/linda.cnita.fr\/index.php?rest_route=\/wp\/v2\/pages\/12\/revisions\/153"}],"wp:attachment":[{"href":"https:\/\/linda.cnita.fr\/index.php?rest_route=%2Fwp%2Fv2%2Fmedia&parent=12"}],"curies":[{"name":"wp","href":"https:\/\/api.w.org\/{rel}","templated":true}]}}